 factors of 909.
3, 101
What are the prime factors of 109961?
109961
List the prime factors of 4670.
2, 5, 467
List the prime factors of 10871.
7, 1553
What are the prime factors of 39616?
2, 619
What are the prime factors of 9145?
5, 31, 59
What are the prime factors of 3110?
2, 5, 311
List the prime factors of 4668.
2, 3, 389
List the prime factors of 2603.
19, 137
List the prime factors of 25762.
2, 11, 1171
What are the prime factors of 7212?
2, 3, 601
List the prime factors of 3047.
11, 277
What are the prime factors of 68674?
2, 34337
What are the prime factors of 25122?
2, 3, 53, 79
What are the prime factors of 21613?
21613
List the prime factors of 243.
3
What are the prime factors of 6857?
6857
What are the prime factors of 2503?
2503
What are the prime factors of 3283?
7, 67
List the prime factors of 19055.
5, 37, 103
List the prime factors of 2236.
2, 13, 43
What are the prime factors of 6656?
2, 13
List the prime factors of 50405.
5, 17, 593
List the prime factors of 17279.
37, 467
List the prime factors of 808.
2, 101
List the prime factors of 2599.
23, 113
What are the prime factors of 2522?
2, 13, 97
List the prime factors of 79600.
2, 5, 199
List the prime factors of 2073.
3, 691
What are the prime factors of 4431?
3, 7, 211
List the prime factors of 3654.
2, 3, 7, 29
List the prime factors of 2024.
2, 11, 23
List the prime factors of 10359.
3, 1151
What are the prime factors of 4615?
5, 13, 71
List the prime factors of 4700.
2, 5, 47
What are the prime factors of 695?
5, 139
What are the prime factors of 11501?
7, 31, 53
List the prime factors of 13618.
2, 11, 619
List the prime factors of 1059.
3, 353
What are the prime factors of 24845?
5, 4969
What are the prime factors of 1544?
2, 193
What are the prime factors of 263?
263
What are the prime factors of 925?
5, 37
What are the prime factors of 15452?
2, 3863
What are the prime factors of 936?
2, 3, 13
What are the prime factors of 59454?
2, 3, 367
List the prime factors of 5473.
13, 421
What are the prime factors of 1072?
2, 67
List the prime factors of 12555.
3, 5, 31
What are the prime factors of 1419?
3, 11, 43
What are the prime factors of 241?
241
List the prime factors of 6533.
47, 139
List the prime factors of 2303.
7, 47
List the prime factors of 41250.
2, 3, 5, 11
What are the prime factors of 424?
2, 53
List the prime factors of 39199.
39199
What are the prime factors of 61207?
97, 631
What are the prime factors of 6089?
6089
What are the prime factors of 11547?
3, 1283
List the prime factors of 961.
31
List the prime factors of 21272.
2, 2659
What are the prime factors of 57535?
5, 37, 311
What are the prime factors of 450?
2, 3, 5
List the prime factors of 974.
2, 487
List the prime factors of 11137.
7, 37, 43
What are the prime factors of 5647?
5647
What are the prime factors of 268?
2, 67
List the prime factors of 2134.
2, 11, 97
List the prime factors of 665.
5, 7, 19
List the prime factors of 4695.
3, 5, 313
What are the prime factors of 14075?
5, 563
What are the prime factors of 255?
3, 5, 17
What are the prime factors of 38895?
3, 5, 2593
What are the prime factors of 64677?
3, 21559
What are the prime factors of 21242?
2, 13, 19, 43
List the prime factors of 28552.
2, 43, 83
What are the prime factors of 72667?
7, 1483
What are the prime factors of 868?
2, 7, 31
What are the prime factors of 2111?
2111
What are the prime factors of 2260?
2, 5, 113
List the prime factors of 40571.
29, 1399
List the prime factors of 1094.
2, 547
What are the prime factors of 3413?
3413
What are the prime factors of 24391?
24391
List the prime factors of 1023.
3, 11, 31
List the prime factors of 5755.
5, 1151
List the prime factors of 1487.
1487
List the prime factors of 2668.
2, 23, 29
List the prime factors of 5587.
37, 151
What are the prime factors of 2083?
2083
What are the prime factors of 632?
2, 79
List the prime factors of 1060.
2, 5, 53
What are the prime factors of 2483?
13, 191
List the prime factors of 6117.
3, 2039
List the prime factors of 1354.
2, 677
What are the prime factors of 8244?
2, 3, 229
What are the prime factors of 10580?
2, 5, 23
List the prime factors of 15154.
2, 7577
List the prime factors of 14550.
2, 3, 5, 97
What are the prime factors of 49982?
2, 67, 373
What are the prime factors of 231?
3, 7, 11
List the prime factors of 1377.
3, 17
What are the prime factors of 82796?
2, 7, 2957
List the prime factors of 59646.
2, 3, 9941
List the prime factors of 267.
3, 89
List the prime factors of 528.
2, 3, 11
List the prime factors of 42958.
2, 47, 457
What are the prime factors of 21723?
3, 13, 557
List the prime factors of 8145.
3, 5, 181
What are the prime factors of 44?
2, 11
List the prime factors of 154.
2, 7, 11
What are the prime factors of 499?
499
What are the prime factors of 492?
2, 3, 41
List the prime factors of 1438.
2, 719
List the prime factors of 185.
5, 37
List the prime factors of 1325.
5, 53
What are the prime factors of 1071?
3, 7, 17
List the prime factors of 2892.
2, 3, 241
What are the prime factors of 4506?
2, 3, 751
List the prime factors of 708.
2, 3, 59
What are the prime factors of 36845?
5, 7369
What are the prime factors of 764?
2, 191
What are the prime factors of 4445?
5, 7, 127
List the prime factors of 226.
2, 113
What are the prime factors of 5976?
2, 3, 83
List the prime factors of 33242.
2, 11, 1511
List the prime factors of 1764.
2, 3, 7
What are the prime factors of 2416?
2, 151
List the prime factors of 3974.
2, 1987
What are the prime factors of 936?
2, 3, 13
What are the prime factors of 14923?
14923
What are the prime factors of 242?
2, 11
List the prime factors of 28648.
2, 3581
What are the prime factors of 10312?
2, 1289
List the prime factors of 37009.
7, 17, 311
List the prime factors of 24401.
13, 1877
List the prime factors of 1397.
11, 127
List the prime factors of 3473.
23, 151
List the prime factors of 117000.
2, 3, 5, 13
What are the prime factors of 4526?
2, 31, 73
What are the prime factors of 1454?
2, 727
What are the prime factors of 972?
2, 3
What are the prime factors of 10179?
3, 13, 29
List the prime factors of 1357.
23, 59
What are the prime factors of 51442?
2, 17, 89
List the prime factors of 54.
2, 3
What are the prime factors of 162515?
5, 32503
What are the prime factors of 7945?
5, 7, 227
What are the prime factors of 87408?
2, 3, 607
What are the prime factors of 17535?
3, 5, 7, 167
List the prime factors of 27.
3
List the prime factors of 41303.
103, 401
List the prime factors of 15202.
2, 11, 691
What are the prime factors of 3471?
3, 13, 89
List the prime factors of 359.
359
What are the prime factors of 3864?
2, 3, 7, 23
List the prime factors of 1606.
2, 11, 73
What are the prime factors of 1112?
2, 139
What are the prime factors of 2162?
2, 23, 47
What are the prime factors of 17528?
2, 7, 313
List the prime factors of 144136.
2, 43, 419
List the prime factors of 6650.
2, 5, 7, 19
List the prime factors of 173538.
2, 3, 31, 311
List the prime factors of 497.
7, 71
What are the prime factors of 797?
797
List the prime factors of 532.
2, 7, 19
What are the prime factors of 14824?
2, 17, 109
List the prime factors of 85971.
3, 28657
What are the prime factors of 765?
3, 5, 17
What are the prime factors of 4854?
2, 3, 809
List the prime factors of 4721.
4721
List the prime factors of 235.
5, 47
List the prime factors of 409.
409
List the prime factors of 49901.
139, 359
List the prime factors of 90431.
11, 8221
List the prime factors of 34494.
2, 3, 5749
List the prime factors of 19987.
11, 23, 79
What are the prime factors of 2328?
2, 3, 97
What are the prime factors of 874?
2, 19, 23
List the prime factors of 8567.
13, 659
List the prime factors of 26785.
5, 11, 487
List the prime factors of 501.
3, 167
What are the prime factors of 715?
5, 11, 13
List the prime factors of 29070.
2, 3, 5, 17, 19
What are the prime factors of 46918?
2, 23459
List the prime factors of 2543.
2543
List the prime factors of 2865.
3, 5, 191
List the prime factors of 28125.
3, 5
What are the prime factors of 36652?
2, 7, 11, 17
What are the prime factors of 2840?
2, 5, 71
List the prime factors of 1842.
2, 3, 307
List the prime factors of 4354.
2, 7, 311
List the prime factors of 15208.
2, 1